+ (-43 - -31) + (2 + 6 - 1)?
-16
Evaluate (-30 - (-3 - -12 - 26) - 20) + 12.
-21
What is the value of -135 - (-34 - ((-15 - (9 + -3)) + 15) - -14)?
-121
Calculate -4 - (38 + (-9 - 13)) - -81.
61
Evaluate 9 + -169 + 178 - (11 + 1 + -1) - 9.
-2
What is the value of (3 - 1) + -3 + -2 - (-5773 - -5747)?
23
Calculate (-2 - (-4 - 1)) + (1 - -10 - 3 - 60).
-49
What is the value of (73 - -5 - 184) + 28?
-78
What is the value of 89 + -92 + 157 + -213?
-59
Calculate (6 - 16) + (2 - 2) + (10 - 6) + -75.
-81
What is 0 + 27 + -12 - 32 - (-4 - -93)?
-106
What is (-93 - -5) + (-158 - -214)?
-32
What is (22 - (27 + -9)) + 1 + -2 - 7?
-4
Evaluate 102 + -10 + 4 + 42 + -78.
60
Calculate (64 - (-131 + 107)) + -149.
-61
What is the value of (-11 - (-7 + 3)) + (-20 + 39 - 6) + 22?
28
Calculate (-2 - -20) + -18 + -5 + 19 + 1.
15
-236 + 316 + -14 + (-1 - (-8 + 0))
73
Evaluate -9 - (16 + (16 - (0 + (27 - -1)))).
-13
Calculate 84 + -61 + (2 - (4 - -69)).
-48
What is the value of (-22 - -89) + -23 + (-2 - -8 - -2)?
52
What is the value of -126 + 120 + -101 + 121?
14
-1 - (-17 + -2) - (-4 - (-16 - -31))
37
What is the value of -145 - -78 - (-69 + -9)?
11
-26 - (-31 + 109 + 3 + -11)
-96
What is -45 + 52 + (-28 - -77)?
56
(-20 - -14) + (3 - -34) - -80
111
What is (5 - ((0 - -1) + -1)) + 313 + -341?
-23
Calculate (-19 + 49 - 39) + -68.
-77
What is -53 + -8 + 6 + 0 + (96 - 85)?
-44
Evaluate -4 - (-3 + (-27 - -18) + 0 + 0 + 98).
-90
Evaluate 21 + (13 + -163 - -77).
-52
What is 1 + -8 + 45 + (9 - 58)?
-11
(-3 - 1) + 2 + 1 + (70 + 63 - 144)
-12
What is 2 + -1 - 70 - (-266 + 140 - -125)?
-68
Evaluate -4 + 30 + 94 + (-3 - (1 - (7 + -6))).
117
What is -345 + 334 - (0 - (-58 + -2 - (2 - 5)))?
-68
-45 + 0 - (984 + -1043)
14
Calculate 749 + -725 - (-1 - -22).
3
What is 33 + -101 + 10 + 12 - -36?
-10
-154 + 123 + 15 + (-5 - 12)
-33
What is -49 + 40 - (-101 + 19)?
73
What is the value of (42803 - 42945) + (-2 - (2 + -41))?
-105
Calculate 22 - 17 - (0 - -16) - (-74 - (-37 - -46)).
72
What is (-36 - -63) + -15 - 30?
-18
0 - 27 - (38 + -47) - (-3 - -3)
-18
Calculate 19 + (12 - 15) - (-28 + 16 - -86).
-58
Evaluate (28 + (-85 - 3) - (-4 + -2)) + 7 + 1.
-46
What is the value of -61 - (49 - 172 - -31)?
31
((8 - -6) + 4 - 8) + 3 + 4
17
What is -66 + 4 + 0 + (21 - (-4 + 24))?
-61
What is the value of -4535 + 4588 - (-2 + 15 + 1 + -2)?
41
What is the value of (2 - 58 - -42) + (3 - -25)?
14
What is 13 + (40 - (118 - 54)) - (138 - 0)?
-149
Calculate 102 + -166 - (-1 - 73).
10
Evaluate 20 + -13 - 5 - 14 - 6 - 4.
-22
Evaluate 32 + -4 + (-469 - -422).
-19
61 - (67 + -16 + -19) - (-15 + (1 - 0))
43
Evaluate -12 - (42 - 15) - (7 + -8 + -9).
-29
-12 - (35 - (22 - 7)) - -4
-28
Calculate -28 + (28 + (-19 - -7) - 2) + -9.
-23
-70 + (80 - (57 + -122))
75
Calculate (15 - 8) + 80 + -21 + (18 - 6).
78
Calculate 15 + (-3 - 1) + -5 + 3 + -3 + -54.
-48
Calculate 4 + -23 - (-3 - (-6 - 0 - 2) - 6).
-18
Calculate 0 + 2 + -17 - (2522 + -2604).
67
Calculate -1 + 7 + (1 - 4 - (32 - 8)) + 12.
-9
Calculate 5 + (1 + 8 + -24 - -17).
7
(2 + -44 - 1) + (3 - -6 - 3 - 3)
-40
Calculate (5667 - 5534) + (-1 - 44).
88
Evaluate (86 - 48) + -4 + -162 + 5 + 3 + 3.
-117
61 + (-40 - 131) + 59 + 9 + 1
-41
-4 + 23 + -9 + 7 + 4
21
-39 - ((-11 - -29) + -32 + 25)
-50
What is -55 - (10 - 3) - (8 - (7 - 8) - 14)?
-57
What is the value of (-10 - (8 + 19 + -15 - (1 + 120))) + -11?
88
What is -21 + (-11 - (-13 - 11 - -5)) + 7?
-6
Evaluate 14 + -169 + (119 - 58).
-94
Calculate 134 - (-2 + -43 + 131).
48
124 + -121 + -15 + -7 + 49
30
What is (59 - -150 - 123) + -113?
-27
Calculate -9 - -38 - (14 + 76) - (-8 - (-1 + -2)).
-56
Calculate 4 + 27 + -12 + -8 - 12.
-1
Evaluate 29 + -64 - -67 - -37.
69
What is the value of 1 + -1 + (82 - (27 + 33 + -44))?
66
Calculate 31 - (0 - -12 - (828 + -901)).
-54
What is (-9 - -21) + (39 - 6 - 17)?
28
What is -56 + 64 + -64 - -30?
-26
2 + 1 + (1 - -4) + (-3 - (-7 + 15))
-3
What is the value of -21 + (-3 - ((13 + 3 - -3) + 20))?
-63
What is (-37 + -5 - -61) + (-1 - (-12 + 6 + -3))?
27
Evaluate -21 + (23 - 10) + 41 + 0.
33
Calculate -12 + (-10 - (14 + -34) - (2 + 60)).
-64
What is the value of (-124 - -56) + 14 + 1 + 7?
-46
Calculate -7 + -4 + (-11 - -1) + 2 + 15.
-4
What is the value of -1 - ((10 + 0 - (86 - 82)) + -28)?
21
Evaluate 16 + (2 - 16) - 0 - -16.
18
Calculate (-2 - 0) + 0 + -71 + (-13070 - -13080).
-63
Calculate 3 + -2 + 22 + (-47 + 82 - 25).
33
What is the value of 4444 + -4472 - ((3 + -2 - 4) + -2)?
-23
Calculate -54 - (-9 + 9 + (12 - 7)).
-59
-671 + 674 + (1 - -30)
34
Evaluate -9 + -47 + 19 - -36.
-1
Evaluate 2 - (-27 - (7 - 7 - 22) - (-33 - 1)).
-27
What is the value of (-32 - (7 - (39 + -8))) + (-2 - -1 - -38)?
29
What is 19 + (22 + -81 - -5) + -22?
-57
What is 1 + -34 - (-9 - 89 - -147)?
-82
6 + (-62 - 5) + (-4 - -1) - (-561 - -563)
-66
Calculate 37 - (-57 - (-49 - 94)).
-49
What is the value of 25 - (48 + -57 + (1 - (2 - 11)))?
24
What is -188 + 97 - (4 - (4 - 5 - -3)) - 7?
-100
What is the value of 2 + (-7 - (-3 + 3 - 63 - (-2 + 5)))?
61
-19 + ((-14 - -4) + 50 + -5 - 21)
-5
What is the value of -28 + 37 + (0 - -3) + -1 + -2 + 2?
11
What is the value of (-12 - (51 + -47)) + 13?
-3
What is the value of 115 + -2 + -67 - -17?
63
What is the value of 0 - -3 - (-18 + -30 + 44) - 4?
3
0 + 0 + -57 - (-9477 - -9455)
-35
-6 - (-7 + 13 + -13) - -36 - 13
24
Calculate 0 - (81 + -210) - 25.
104
39 - 14 - (-16 + 42) - (-75 - -1)
73
What is 2 - 129 - (31 + (-7 - 24) - (0 - -8))?
-119
Calculate (-21 + 40 + 9 - -13) + 29.
70
What is -55 + 105 + 2 + -47?
5
Calculate 12 + (5 + 31 + -48 - (1 - 20)) + 118.
137
What is the value of 7 - 0 - ((6 - 16) + 28) - (11 - 10)?
-12
What is the value of 82 + 14 + -10 + -112?
-26
What is -53 - (1614 + -1622 + (-2 - 12))?
-31
What is the value of -4 - -5 - 21 - (53 + -46)?
-27
What is 50 - 0 - (33 + -87 - -69 - 31)?
66
Calculate (-38 - 0 - (799 + -799)) + -91.
-129
Calculate -75 + -15 + -23 + 74 - 68.
-107
What is the value of 2 + -6 - -12 - -26 - (11 + -2 + -5)?
30
Calculate (15 - (-12 + 50)) + 23.
0
Evaluate -66 + 56 + 38 + -5.
23
Calculate -14 + 0 - (14 + -24 + -60).
56
Evaluate (56 - 17) + (-248 - -195).
-14
Calculate (1199 - 1228) + 2 + 2 + -10.
-35
What is (-2 + 51 - 28) + (4 - -4)?
29
Calculate (-13 - 17 - -66) + (4 - 2).
38
Evaluate -6 + -1 + (142 - 149) + (46 - -2).
34
What is the value of -48 + -1 + (-841 - -856) + 18 - -102?
86
2 - (14 - 98) - (-28 - -44)
70
Evaluate -26 - (-11 - -1 - 8) - (34 - 1) - -1.
-40
(-5 + (13 - 17) - 15) + -8 + 113
81
What is the value of -80 + 143 + -64 - (-1 + -10)?
10
(1 - -192) + (-11251 - -11172)
114
What is the value of 0 + 30 + (-22 - -13 - -4)?
25
What is the value of -23 - (-13 - (-38 + 54))?
6
What is the value of (4 - 7) + 0 + -23 + 19 + -29?
-36
What is the value of (-16 - (-80 + 22)) + -101?
-59
Evaluate 1 + -1 + -5 + -84 - ((19 - 18) + -5).
-85
213 - 107 - (22 - (-7 + 7))
84
What is (-7 - (4 - -3)) + (2 - (-1 + 15)) + 2?
-24
Calculate 15 + -12 + -30 + 16 - (-2 - 6).
-3
15 - (25 + (-19 - -21 - 6) + -5)
-1
What is 328 - 248 - (13 - -29)?
38
What is -8 - (52 + 45 + -12)?
-93
4 + 3 + -6 - 1 - ((17 - -38) + -12)
-43
Evaluate -77 + 33 + -45 + -5 - (-2 + -21).
-71
Evaluate -7 + (-16 + 49 - 26).
0
Evaluate (7 - ((-6 - (-20 + 5)) + (-3 - 4))) + -30.
-25
Evaluate 6 + 1 + (-736 - -698).
-31
What is the value of (20 + -47 - -46) + -59?
-40
-41 + (28 - 33 - (8 + -9 + 4) - 2)
-51
(-51 - -19 - -34 - (-85 + -1)) + -11
77
Calculate (11 - (2 + 1 + -2)) + (-4 + -8 - -26).
24
Calculate (39 - 76 - -52) + 3.
18
What is the value of (-23 - 2) + (-1768 - -1819)?
26
What is -19 - (47 - 31 - (-1 + 28)) - (24 - 0)?
-32
4 - 11 - (61 - (12 - 9 - 5))
-70
-5 - (-23 - (0 - 2) - (1852 + -1865))
3
Calculate 12 + (-5 - -7) - (3 + -7 + -5 - 38).
61
Calculate -1 - (51 + (31 - 70) + -1 + -11).
-1
What is the value of 15 + (11 - (61 - 23 - 15))?
3
What is 79 - (1 + 14) - (-35 - (6 + -23))?
82
What is the value of (-12 - -9 - -5) + 22 + -11?
13
What is the value of 14 - (-19 + (-5 - -2) + 5)?
31
Calculate (-4 - -3 - (0 + -4 + 1)) + 23.
25
What is the value of (58 - (-41 + 67)) + -29?
3
Calculate -70 + 53 - -52 - (-4 - -15).
24
Calculate (1006 - 962) + -3 + -36.
5
-11 - -100 - (-15 + 193)
-89
31 - (52 + -113 - -87)
5
30 - 1 - (-35 + 27 - (10 + -11))
36
What is (5 + -18